digit of ((-624)/312)/(4/(-5162))?
2
Let o be -2*(-4 - 1905/(-10)). Let i = 561 + o. What is the tens digit of i?
8
Let g(r) = -r**2 - 5*r + 14. Let a be g(-8). What is the units digit of (444/a)/(3/(-60)*6)?
8
Let m(z) = z**2 - 8*z + 9. Suppose -21*w + 22*w - 7 = 0. Let p be m(w). Suppose -3*s + p*t = -188, s + 3*t + 58 = 2*s. What is the units digit of s?
4
Let j(h) be the second derivative of h**4/12 - h**3/3 + 22*h**2 - 5875*h. Let m(k) = -5*k - 1. Let o be m(2). What is the hundreds digit of j(o)?
1
Suppose 0 = 177*y - 17701374 + 4378938. What is the units digit of y?
8
Let q be ((-2)/(-1))/(6/(-9)). Let a(r) = -r**2 - 8*r + 63. Let k be a(-13). What is the units digit of (q - k - -9) + -3?
5
Suppose -245*f = 3*v - 240*f - 13769, -5*f - 22895 = -5*v. What is the thousands digit of v?
4
Suppose -4*q = -b + 19, -q - q + 4 = 4*b. Suppose -f = -0*f - b, -f - 6 = -3*k. Suppose -228 = -k*g + 228. What is the units digit of g?
2
What is the thousands digit of 6*(-450775)/(-182) + (-12)/(-42)?
4
Suppose 0 = 2*u - 18 + 2. Suppose 5*a = u + 7. Let t(v) = -v**2 + 7*v - 1. What is the units digit of t(a)?
1
Let n = 1641 - -11383. What is the units digit of (n/(-444))/(3/((-126)/4))?
8
What is the hundreds digit of 303176/24 + 4/6?
6
Let g(c) = -112*c**3 - 2*c**2 - 2*c - 2. Let r(f) = -8*f - 69. Let w be r(-9). Suppose -4*j = -w*j + 4, -q = -j - 3. What is the units digit of g(q)?
0
Let o = 48 + -46. Suppose -6*x - 2 = 4*g - 3*x, o = 2*g + 3*x. What is the tens digit of (g/(-2))/(2/22)?
1
Let t(d) = 9*d**2 - 53*d + 63. What is the units digit of t(11)?
9
Let s(b) = -b**2 + 10*b - 24. Let q be s(18). Let u = 101 - q. What is the tens digit of u?
6
Suppose 5*x - 18 = 5*n + 12, -6 = 5*x + 4*n. Suppose 0*f + x*f + 220 = y, 4*f = 5*y - 1070. What is the units digit of y?
0
Let b be 17/(0 - (3 - 4)) + -3. Let w = b - 12. Suppose w*i - 85 - 155 = -3*y, 2*y - 120 = -i. What is the units digit of i?
0
Let c be (0 - -5 - 12)/(3/45). Let o = c + 174. What is the units digit of o?
9
Suppose -4*d + 3 = -825. Suppose 8*w = d - 711. Let h = 106 + w. What is the tens digit of h?
4
Suppose -a + 0*a + 2 = 0. Suppose a*q - 3*p = p + 1274, 0 = 5*q + 5*p - 3245. What is the hundreds digit of q?
6
Let c(f) = 4*f**3 - 3*f**2 - 4*f + 3. Let z = 64 - 67. Let j be (z/4)/((-33)/88). What is the tens digit of c(j)?
1
Let z(a) = 12*a**3 + a**2 + 4*a + 3. Let o be z(-2). Let m(f) = 66*f - 24. Let u be m(3). Let l = u + o. What is the units digit of l?
7
Let t = 997 + 4487. What is the thousands digit of t?
5
Suppose -2*d + 6 = 0, k + d + 123 = -69. Let u = k - -709. What is the hundreds digit of u?
5
Let n(v) = -2*v + 27. Let m be n(12). Let o(p) = -20 - 2*p + 5*p**3 - 10*p**2 - 13*p**3 + 12*p**m. What is the tens digit of o(5)?
2
Let z be (132/55)/((-2)/30*2). Let r be -4 - (-11)/((-33)/z). Suppose r*n - 25 = 53. What is the units digit of n?
9
Suppose 2*p - 2148 = -5*m, -5*m = 7*p - 3*p - 2156. Suppose 13*f - 884 = -4*a + 10*f, 2*f + m = 2*a. What is the tens digit of a?
1
Let v(h) be the first derivative of 31*h**3/3 - 3*h**2 + 7*h - 16. Let a be v(4). Suppose -a = d - 5*d + y, -2*d - 2*y = -252. What is the units digit of d?
1
Let l be 13 + (6/(-3) - -2). Let u(i) = 19*i**2 + 3*i**3 - i**2 - 3*i**3 - l + i**3 - 2*i. What is the units digit of u(-18)?
3
Suppose 3*p + 3*u + 4 = p, 5*p - 3*u = 32. Suppose 33*l - 5968 = 28*l - p*r, -3*r - 1186 = -l. What is the hundreds digit of l?
1
Suppose -113679 = -48*c + 92109 + 146100. What is the units digit of c?
1
Let z = 56 + 54. Suppose 4*k - z + 370 = 0. Let a = 85 + k. What is the units digit of a?
0
What is the thousands digit of (-1291872)/(-240) + ((-56)/20 - -2)?
5
What is the units digit of (-2)/5 + 184122/30?
7
Let j be (1 - 291)/((-10)/25). Let c = -30 + j. What is the hundreds digit of c?
6
Let g = -80568 + 142954. What is the ten thousands digit of g?
6
Suppose -4*q + 26516 = -3*u + 7805, 0 = 3*q + 3*u - 14007. Suppose -2*g + 79 = 5*x, 7*x = -2*g + 4*x + 89. What is the units digit of q/39 - (-8)/g?
0
Let a(u) = 1249*u + 3157. What is the tens digit of a(14)?
4
Let n(i) = 2*i + 4. Let o be n(4). Let x = o + 10. Let t = x + -6. What is the tens digit of t?
1
Let p(i) = 102*i - 3169. What is the thousands digit of p(103)?
7
Let a be 5/(-25) + 2/10. Let d(f) = 14*f - 1133 + f**3 + 1136 + a*f**3 - 13*f**2. What is the units digit of d(12)?
7
Suppose -39*w = -25*w - 28. Suppose 4188 = w*s - 3*g + 1092, 0 = 4*g - 16. What is the units digit of s?
4
Let j = -102407 + 164522. What is the tens digit of j?
1
Suppose -2*j = 4*t + 12, 0 = 5*j + 8*t - 13*t - 15. Suppose j = -2*c + 1234 - 38. What is the hundreds digit of c?
5
Suppose 13*b - 2 = 12*b. What is the units digit of (((-140)/(-15))/1)/(b/30)?
0
Let p(k) = 3*k**3 - 67*k**2 - 3*k - 25. Let t be p(23). Let q = t + -3. What is the hundreds digit of q?
9
Let h = -6417 - -12573. What is the tens digit of h?
5
Let v(h) = -18*h**3 - 5*h**2 + 46*h - 104. What is the hundreds digit of v(-9)?
1
Let a(n) = 65*n - 22. Let w be a(-3). Let o = 230 - w. What is the tens digit of o?
4
Suppose -3*w = -3*r - 1191, -r - 790 = r - w. Let c = 336 - r. What is the hundreds digit of c?
7
Suppose -t - 5 = 2*t + 4*g, 2*t = -2*g. Let d(h) be the first derivative of 9*h**2/2 + 12*h - 2. What is the tens digit of d(t)?
5
Suppose 4 = t, -124*t = -2*v - 120*t + 72476. What is the tens digit of v?
4
Suppose 77*c = 283*c - 868702. What is the hundreds digit of c?
2
Let z = -270 + 507. Suppose f - a - z - 169 = 0, -2*f = 5*a - 826. What is the units digit of f?
8
Let t(y) = -2342*y**3 + 4*y**2 + 7*y - 10. What is the units digit of t(-2)?
8
Suppose -4*z = 116 + 184. Let s be (-1)/(-2 + (-145)/z). Suppose -264 = 12*q - s*q. What is the units digit of q?
8
Let q be (20 - (-32)/(-8))*4/8. Let u(f) = 27 + f**2 - 10 + 0*f - 2*f + f. What is the units digit of u(q)?
3
Let d(l) = 40*l - 12*l**2 - 7*l**2 - l**3 + 4*l**2 - 21*l**2 + l**2 + 34. What is the thousands digit of d(-37)?
1
Let b be (0 - (-14)/(-21))/((-4)/(-30)). Let s = b + 394. What is the units digit of s?
9
Suppose x = 0, 4*x = y - 6136 + 401. What is the tens digit of y?
3
Suppose 0*b + 2*f = b + 1380, -5*f = 4*b + 5494. What is the hundreds digit of 2 - b - ((-120)/12 - -7)?
3
Suppose -g = 11*g - 74712. Suppose 45*j - g = 34*j. What is the tens digit of j?
6
Suppose 33370 = 4*n - 2*s, -5*s = -n - s + 8325. What is the hundreds digit of n?
3
Let v(i) = -135*i - 42. Let a be v(-6). Suppose -5*z = -3*y + a, 2*y - z + 4*z = 512. What is the hundreds digit of y?
2
Let i be (-16)/10 - 36/90. Let t be 1 - i/4 - 88/16. What is the tens digit of ((-226)/t)/(-7 - 45/(-6))?
1
Let c = 11064 - -2495. What is the thousands digit of c?
3
Let w be 10/(-65) + (-37602)/(-39). Let z be 5*(-3)/(-6) + (-9)/18. Suppose -5*h = 4*y - w, -h + 123 + 67 = -z*y. What is the tens digit of h?
9
Suppose 4*y - 3*f - 19 = 12, -2*f + 56 = 5*y. Suppose 5*a = -n + 19, -2*n + 30 = -3*a - 8. Suppose -y = n*g - 21*g. What is the units digit of g?
5
Suppose 21358 = i - 3*j, 6*i + 206*j = 201*j + 128125. What is the thousands digit of i?
1
Suppose -12*d + 13*d - 2*l = 893, -4*l + 917 = d. Let b = d + -53. What is the hundreds digit of b?
8
Let v = 12 - -87. Let w = v + -100. Let m(f) = -66*f - 5. What is the units digit of m(w)?
1
Suppose 12809 = 3*p - 73*p + 113539. What is the hundreds digit of p?
4
What is the tens digit of ((-65172)/(-28) - 0)/(18/126)?
9
Let d(l) = -223*l**3 - 18*l**2 - 4*l + 33. What is the thousands digit of d(-4)?
4
Let i = 109 + 7. Suppose -3*h = -2*u - 20, -u = -2*h - 2*u + 11. Let n = i + h. What is the tens digit of n?
2
Suppose -l + 5*l - 240 = -4*a, 3*a - 194 = 4*l. Let m = a - 57. Suppose -3*n + m*w + 6 = 0, n + w = -n + 17. What is the units digit of n?
7
Let c(m) = -564*m. Let x be c(-3). Suppose -z - 8*z = -x. Let f = z - 63. What is the tens digit of f?
2
Suppose -4*c + 72423 = i, 3*c + 70*i - 68*i - 54321 = 0. What is the thousands digit of c?
8
Suppose -3*i = -29*y + 34*y - 21730, 5*i - y - 36170 = 0. What is the tens digit of i?
3
What is the tens digit of ((-665)/70)/(0 - -1 - 381/380)?
1
Let v(r) = r**3 - 12*r**2 + 36. Let j be v(12). What is the tens digit of (-9)/j*1 + 1097/4?
7
Let f be 199/(-1)*2/(-2). Suppose 6*w + f = 19. Let z = w - -39. Wha